/((-35)/(-5)) + -1 + 1.
2, 3, 61
Let d(w) = -w**3 - w**2 - 27*w - 7. List the prime factors of d(-9).
2, 13, 17
Let g = -1 + 6. Suppose 0 = -3*b - 2*v + 16, -g*v = 4*b - 31 - 2. Let w(s) = 7*s**2 + s - 2. What are the prime factors of w(b)?
2, 7
Let b be (-22)/(-4)*(-7 + 9). Suppose b = t - 20. List the prime factors of t.
31
Suppose -3*d - 13 = 10*d. List the prime factors of (-4)/d + (103 - 0).
107
Suppose 196*i + 28875 = 217*i. List the prime factors of i.
5, 11
Suppose 4*z + 3*j - 5133 = 0, -j = 4*z + 3 - 5130. List the prime factors of z.
3, 7, 61
Let v be (-8)/6*(4 - 11/2). Suppose -j + v*d + 141 = 0, 986 = 5*j + 5*d + 251. What are the prime factors of j?
5, 29
Suppose -2*j + 630 = 8*j. List the prime factors of j.
3, 7
List the prime factors of 2 + 1806 - (28 - 26).
2, 3, 7, 43
Let d be 126/12*4/6. Let m(j) = 7 - j**2 + 8*j - 1 - 2. List the prime factors of m(d).
11
Suppose -13981 + 50656 = 15*q. List the prime factors of q.
3, 5, 163
Let x = 667 + 760. What are the prime factors of x?
1427
Let c be (-1078)/(-9) - (-2)/9. Let n be ((-5)/10)/((-2)/12). Suppose n*q = -q + c. What are the prime factors of q?
2, 3, 5
Suppose 686 = -87*g + 89*g. What are the prime factors of g?
7
Suppose -4*i + 21660 = h + 3*h, 4*h - 2*i - 21654 = 0. List the prime factors of h.
2, 2707
Suppose 124 = -3*v - 4*z, -v = 2*z + 19 + 19. Let t = v + 74. List the prime factors of t.
2, 13
List the prime factors of 223*(-1 + 4)*(-250)/(-75).
2, 5, 223
List the prime factors of (421 - 4 - 0) + -5.
2, 103
Suppose 4*q - 4*v = 545 - 81, -q - 3*v + 108 = 0. Let w be (-2)/(-8) + q/24. Suppose 3*l - w - 61 = -3*h, 0 = -3*h + 5*l + 58. What are the prime factors of h?
3, 7
Let a = 48 + 350. What are the prime factors of a?
2, 199
Suppose 5*k + 45 + 5 = 0. Let w be 2*(-485)/k - -3. Suppose x - 2*r - 56 = 0, -r = 2*x + r - w. List the prime factors of x.
2, 13
Suppose 39*j - 633780 = -66*j. List the prime factors of j.
2, 3, 503
Suppose 10*s = 30*s - 12660. What are the prime factors of s?
3, 211
Let k(g) = -g**3 + 7*g**2 + 8*g - 7. Suppose 7*p + 21 = 10*p + 5*i, 2*p - 2*i - 14 = 0. What are the prime factors of k(p)?
7
Let z(o) = -2*o + 16. Let v be z(9). Let u be -1 + v - (-6 + -1). Let q = 16 - u. What are the prime factors of q?
2, 3
Suppose 5*w + 407 - 2 = 5*l, l + 375 = -5*w. Let a be (-3)/((-6)/4*1). List the prime factors of a*9/(-6) - w.
73
Let c(w) = -4*w**3 - w**2 - 21*w - 67. What are the prime factors of c(-6)?
887
Suppose 847 = 2*p + 247. List the prime factors of p.
2, 3, 5
Suppose -20 - 42 = -2*n. Suppose 5*u - 2*c = n, 2*u + 2*c = u - 1. Suppose 0 = a + u*j - 48, 2*j = -0*j. List the prime factors of a.
2, 3
Let t = 39 + -35. Suppose 328 = -5*c + 3*s + 1, 0 = t*c - 2*s + 262. Let w = c - -106. List the prime factors of w.
2, 5
Suppose 173 + 82 = 5*i. Suppose 2*y = g - y - i, g + 2*y - 26 = 0. What are the prime factors of g?
2, 3
Suppose -7*v = -3*v - 76. Suppose -4*w + x + v = -w, -2*w - x + 6 = 0. Suppose l - 4 = 3*p - 5*p, -2*l - 5*p = -w. List the prime factors of l.
2, 5
Let h = 58 + -54. Suppose 2*y = 4*y, 3*y - h = -w. List the prime factors of w.
2
Let a be 4 + 0 + -8 + 9. Suppose 4*m - a*k - 742 = 21, m - 3*k = 189. List the prime factors of m.
2, 3
Let v(f) = 3*f**2 + f + 6. Let g be v(-3). Let q = 38 - g. What are the prime factors of q?
2
Suppose -19*w - 548 = -20*w. What are the prime factors of w?
2, 137
Let f = -29 + 53. Suppose -2*t = 3*r + r - 62, -3*r + f = -3*t. What are the prime factors of r?
13
List the prime factors of 11 + 2/((-4)/(-6278)).
2, 3, 5, 7
Suppose -18*v + 17688 = -6*v. Suppose -1070 = -16*r + v. What are the prime factors of r?
3, 53
Suppose -4*r - 105 = -f - 0*f, -2*r = -3*f + 305. What are the prime factors of f?
101
Let f be 24 + (-1 - (1 - 5)). Suppose 2*m - 26 = -3*j + f, 0 = 3*m - j - 63. What are the prime factors of m?
2, 11
Suppose 0 = 7*m - 28 - 119. Let i = 122 + m. What are the prime factors of i?
11, 13
List the prime factors of (-11436)/(-4) + 3 - 0/12.
2, 3, 53
Let t(u) = 3*u + 2. Let b be t(1). Suppose 0 = -6*l - b*l + 990. List the prime factors of l.
2, 3, 5
Let p be 2 + 1 + 0 + (2 - 5). Suppose p = 7*r + 249 - 1663. List the prime factors of r.
2, 101
Suppose 0 = -58*d + 57*d + 176. List the prime factors of d.
2, 11
List the prime factors of (-7856)/(-16) + -1 + 8.
2, 3, 83
Suppose -2*v - 6 = 0, 4*r + 3 = r - 3*v. Suppose 3*x - 234 = -3*k, r + 4 = -2*k. List the prime factors of x.
3
Let y(o) = -13*o**3 - o**2 + 1. Let m be y(-1). Let p = 176 - m. List the prime factors of p.
163
Suppose -3*l + 3240 = 3*k, -4*l - k + 4677 = 363. What are the prime factors of l?
2, 7, 11
Let m(a) = a - 7. Let w be m(-5). List the prime factors of ((-40)/w)/(3/54).
2, 3, 5
Let j(t) = -5*t**3 + t**2 + t. Let a be j(-1). Suppose -5*k - 5*i = -20, -4*k + 2*k = i - a. List the prime factors of (580/(-50))/(k/(-5)).
2, 29
Suppose 0 = -7*q + 29*q - 2002. List the prime factors of q.
7, 13
Let l(d) = -1 + 8 - 2 + d + 2. Let v(s) = -s**3 + 10*s**2 - 8*s. Let b be v(9). List the prime factors of l(b).
2
Let p(y) = 2*y**3 - 8*y**2 + 16*y - 15. Let f be p(6). Suppose -c + 53 = 5*j, 0*j - 5*j + f = 5*c. What are the prime factors of c?
43
Let b(a) = 65*a**2 + 22*a + 54. What are the prime factors of b(-3)?
3, 191
Let p be 121/3 - 1/3. Let j = -12 + p. Let n = j + -12. What are the prime factors of n?
2
Suppose -3*t = -2*i - 1141 + 5278, -10335 = -5*i + 5*t. What are the prime factors of i?
2, 3, 43
Let r = 59 - -10. Let m = r + -113. Let u = -23 - m. What are the prime factors of u?
3, 7
Suppose -z = 32 - 4. Let b(d) = -3*d + 10. Let w be b(-11). Let t = z + w. List the prime factors of t.
3, 5
Let y(l) = 2*l - 36. Let n be y(20). Suppose -d - 56 = -n*d - m, -2*m - 2 = 0. List the prime factors of (d/5)/((-12)/(-60)).
19
Suppose 3301 = 2*y - 5*s, 27*y - 5*s - 6577 = 23*y. List the prime factors of y.
2, 3, 7, 13
Suppose 96 = s + 2*s. Let n = s + -28. Suppose -j - 60 = -n*j. List the prime factors of j.
2, 5
Let z = 4719 + -499. List the prime factors of z.
2, 5, 211
List the prime factors of 5 + (-3)/(9/(-2544)).
853
Let f(v) = 245*v**2 + 20*v + 6. What are the prime factors of f(-2)?
2, 11, 43
Let v be (-672)/12*(-13)/4. Let p = -107 + v. List the prime factors of p.
3, 5
Let w(h) = h**2 - 8*h + 10. Let z be w(7). Suppose 0 = -2*g - z*g. Suppose 3*m - 39 = -g*m. What are the prime factors of m?
13
Let y(l) = -l**3 + 7 + 11*l**2 + 10 - 2*l**2. List the prime factors of y(9).
17
Suppose 0 = 4*u - v + 6, -2*u - 4 = -4*u - 3*v. List the prime factors of (-1)/(-1) + (u - -37).
37
List the prime factors of ((-6)/(-4))/((-3861)/(-1284) - 3).
2, 107
List the prime factors of (-37114)/(-4)*(-256)/(-448).
2, 11, 241
Let h(n) = n**2 - 7*n + 8. Let t be h(8). Suppose 4*d + t + 0 = 4*z, -5*z + 40 = 5*d. What are the prime factors of z?
2, 3
Suppose 5*x - 2*w = 5763, -2*x + 5761 = 3*x - 4*w. What are the prime factors of x?
1153
Suppose -73584 + 4046 = -14*a. What are the prime factors of a?
4967
Let f = 206 - 291. Let k(b) = -b**2 - 3*b + 2. Let j be k(6). Let h = j - f. What are the prime factors of h?
3, 11
Let i = -1059 + 1690. What are the prime factors of i?
631
Let j(r) = 193*r + 13. Let o be j(3). Suppose -7*y = -o + 4. List the prime factors of y.
2, 3, 7
Let w = 9 + 1151. What are the prime factors of w?
2, 5, 29
Suppose -5*p + s = 4*s - 44, 0 = -p - 5*s. Suppose -12*g + 88 = -p*g. List the prime factors of g.
2, 11
Let d(h) = 213*h**3 - 6*h + 18. List the prime factors of d(2).
2, 3, 5, 19
Let h(k) = -3*k - 6. Let s be h(-3). Suppose 7 = 2*r + s. List the prime factors of 5 - (r + 0) - -3.
2, 3
Let m be (39 - -18) + 2/(4/(-6)). Let q = 70 - m. List the prime factors of q.
2
Let o = -17 + 16. List the prime factors of ((-450)/(-63))/(o/(-7)).
2, 5
Let a(n) = 3 - 116*n + 72*n - 2. List the prime factors of a(-6).
5, 53
What are the prime factors of 199 - -2 - (-1 - -2)*-2?
7, 29
Let m(u) = u + 62. Let s be 41 + -7 + -5 + 1. Let n = 30 - s. What are the prime factors of m(n)?
2, 31
Let n = -120 - -70. Let q be (-6 - -3) + 3 + -36. Let t = q - n. List the prime factors of t.
2, 7
Suppose -1950 = 4*u - 10*u. List the prime factors of u.
5, 13
Let i be (0/2 + -850)*1/(-2). Suppose 13*t - 18*t + i = 0. What are the prime factors of t?
5